e prime factors of 8344.
2, 7, 149
List the prime factors of 23330.
2, 5, 2333
What are the prime factors of 544?
2, 17
List the prime factors of 1519.
7, 31
List the prime factors of 15892.
2, 29, 137
What are the prime factors of 396?
2, 3, 11
What are the prime factors of 1074?
2, 3, 179
List the prime factors of 21166.
2, 19, 557
List the prime factors of 1718.
2, 859
List the prime factors of 2858.
2, 1429
What are the prime factors of 1687?
7, 241
List the prime factors of 4751.
4751
What are the prime factors of 13700?
2, 5, 137
What are the prime factors of 849?
3, 283
What are the prime factors of 17482?
2, 8741
List the prime factors of 3969.
3, 7
List the prime factors of 69306.
2, 3, 11551
List the prime factors of 302.
2, 151
What are the prime factors of 740?
2, 5, 37
List the prime factors of 26972.
2, 11, 613
List the prime factors of 1356.
2, 3, 113
What are the prime factors of 51304?
2, 11, 53
List the prime factors of 6434.
2, 3217
What are the prime factors of 14881?
23, 647
List the prime factors of 4192.
2, 131
What are the prime factors of 5082?
2, 3, 7, 11
What are the prime factors of 34547?
179, 193
What are the prime factors of 200?
2, 5
What are the prime factors of 5081?
5081
List the prime factors of 5487.
3, 31, 59
What are the prime factors of 2301?
3, 13, 59
List the prime factors of 34558.
2, 37, 467
What are the prime factors of 22690?
2, 5, 2269
What are the prime factors of 3629?
19, 191
What are the prime factors of 5801?
5801
List the prime factors of 233.
233
What are the prime factors of 10570?
2, 5, 7, 151
List the prime factors of 28528.
2, 1783
What are the prime factors of 2230?
2, 5, 223
What are the prime factors of 1081?
23, 47
What are the prime factors of 4451?
4451
List the prime factors of 26144.
2, 19, 43
What are the prime factors of 7453?
29, 257
What are the prime factors of 180?
2, 3, 5
What are the prime factors of 9531?
3, 353
What are the prime factors of 2430?
2, 3, 5
List the prime factors of 17044.
2, 4261
List the prime factors of 9696.
2, 3, 101
What are the prime factors of 1828?
2, 457
What are the prime factors of 958?
2, 479
What are the prime factors of 6539?
13, 503
What are the prime factors of 1507?
11, 137
What are the prime factors of 152199?
3, 1879
List the prime factors of 3640.
2, 5, 7, 13
List the prime factors of 333.
3, 37
List the prime factors of 97142.
2, 48571
What are the prime factors of 548?
2, 137
List the prime factors of 12097.
12097
List the prime factors of 892.
2, 223
List the prime factors of 1150.
2, 5, 23
What are the prime factors of 18045?
3, 5, 401
List the prime factors of 862.
2, 431
What are the prime factors of 8504?
2, 1063
List the prime factors of 973.
7, 139
What are the prime factors of 1482?
2, 3, 13, 19
What are the prime factors of 1283?
1283
List the prime factors of 1320.
2, 3, 5, 11
List the prime factors of 308.
2, 7, 11
List the prime factors of 50593.
50593
What are the prime factors of 49652?
2, 12413
What are the prime factors of 4569?
3, 1523
List the prime factors of 1970.
2, 5, 197
List the prime factors of 41.
41
List the prime factors of 69404.
2, 17351
What are the prime factors of 17768?
2, 2221
List the prime factors of 17688.
2, 3, 11, 67
What are the prime factors of 27008?
2, 211
What are the prime factors of 1106?
2, 7, 79
What are the prime factors of 426?
2, 3, 71
List the prime factors of 1442.
2, 7, 103
List the prime factors of 3328.
2, 13
What are the prime factors of 6807?
3, 2269
List the prime factors of 17771.
13, 1367
What are the prime factors of 4402?
2, 31, 71
What are the prime factors of 9147?
3, 3049
What are the prime factors of 46507?
46507
What are the prime factors of 686?
2, 7
List the prime factors of 24109.
24109
List the prime factors of 166249.
83, 2003
What are the prime factors of 9202?
2, 43, 107
What are the prime factors of 57967?
7, 13
What are the prime factors of 3005?
5, 601
List the prime factors of 16899.
3, 43, 131
What are the prime factors of 1137?
3, 379
List the prime factors of 62384.
2, 7, 557
What are the prime factors of 706?
2, 353
List the prime factors of 17283.
3, 7, 823
What are the prime factors of 313?
313
List the prime factors of 9541.
7, 29, 47
What are the prime factors of 7661?
47, 163
List the prime factors of 7702.
2, 3851
List the prime factors of 1998.
2, 3, 37
List the prime factors of 35917.
7, 733
List the prime factors of 35103.
3, 11701
What are the prime factors of 929?
929
List the prime factors of 664.
2, 83
What are the prime factors of 714?
2, 3, 7, 17
What are the prime factors of 34?
2, 17
List the prime factors of 11997.
3, 31, 43
List the prime factors of 27547.
13, 163
List the prime factors of 5638.
2, 2819
List the prime factors of 6455.
5, 1291
What are the prime factors of 24178?
2, 7, 11, 157
What are the prime factors of 145?
5, 29
What are the prime factors of 91629?
3, 10181
List the prime factors of 2911.
41, 71
What are the prime factors of 19355?
5, 7, 79
List the prime factors of 41460.
2, 3, 5, 691
List the prime factors of 46745.
5, 9349
List the prime factors of 46128.
2, 3, 31
What are the prime factors of 780?
2, 3, 5, 13
List the prime factors of 9530.
2, 5, 953
What are the prime factors of 412?
2, 103
List the prime factors of 46607.
11, 19, 223
What are the prime factors of 10695?
3, 5, 23, 31
List the prime factors of 176446.
2, 88223
List the prime factors of 10439.
11, 13, 73
What are the prime factors of 1564?
2, 17, 23
What are the prime factors of 8449?
7, 17, 71
List the prime factors of 550.
2, 5, 11
List the prime factors of 1000.
2, 5
List the prime factors of 66977.
66977
What are the prime factors of 2968?
2, 7, 53
What are the prime factors of 122?
2, 61
What are the prime factors of 1082?
2, 541
List the prime factors of 838.
2, 419
What are the prime factors of 142979?
142979
What are the prime factors of 22473?
3, 11, 227
What are the prime factors of 17158?
2, 23, 373
List the prime factors of 2761.
11, 251
What are the prime factors of 4598?
2, 11, 19
List the prime factors of 32410.
2, 5, 7, 463
List the prime factors of 13648.
2, 853
List the prime factors of 2275.
5, 7, 13
What are the prime factors of 708?
2, 3, 59
List the prime factors of 145391.
145391
What are the prime factors of 146765?
5, 149, 197
List the prime factors of 27193.
71, 383
What are the prime factors of 449?
449
List the prime factors of 661.
661
What are the prime factors of 2466?
2, 3, 137
List the prime factors of 1463.
7, 11, 19
What are the prime factors of 81794?
2, 40897
What are the prime factors of 6501?
3, 11, 197
List the prime factors of 17856.
2, 3, 31
What are the prime factors of 20607?
3, 6869
List the prime factors of 1425.
3, 5, 19
What are the prime factors of 4869?
3, 541
What are the prime factors of 12489?
3, 23, 181
List the prime factors of 235.
5, 47
List the prime factors of 2340.
2, 3, 5, 13
What are the prime factors of 9721?
9721
What are the prime factors of 19524?
2, 3, 1627
What are the prime factors of 1096?
2, 137
List the prime factors of 231.
3, 7, 11
List the prime factors of 3331.
3331
What are the prime factors of 112071?
3, 37357
What are the prime factors of 664?
2, 83
What are the prime factors of 4352?
2, 17
List the prime factors of 4123.
7, 19, 31
What are the prime factors of 6834?
2, 3, 17, 67
What are the prime factors of 31024?
2, 7, 277
List the prime factors of 14503.
14503
What are the prime factors of 106589?
7, 15227
List the prime factors of 18741.
3, 6247
What are the prime factors of 20111?
7, 13, 17
List the prime factors of 30867.
3, 10289
List the prime factors of 2701.
37, 73
What are the prime factors of 4913?
17
List the prime factors of 6928.
2, 433
List the prime factors of 47549.
17, 2797
What are the prime factors of 72581?
181, 401
List the prime factors of 622.
2, 311
What are the prime factors of 511?
7, 73
List the prime factors of 5159.
7, 11, 67
List the prime factors of 2386.
2, 1193
What are the prime factors of 73436?
2, 11, 1669
What are the prime factors of 74?
2, 37
List the prime factors of 12857.
13, 23, 43
List the prime factors of 100799.
100799
What are the prime factors of 1789?
1789
What are the prime factors of 146108?
2, 36527
What 